{"id":200,"date":"2020-04-29T12:57:17","date_gmt":"2020-04-29T10:57:17","guid":{"rendered":"https:\/\/carismarkus.de\/start\/?page_id=200"},"modified":"2020-06-11T10:52:42","modified_gmt":"2020-06-11T08:52:42","slug":"ueber","status":"publish","type":"page","link":"https:\/\/carismarkus.de\/start\/ueber\/","title":{"rendered":"\u00dcber"},"content":{"rendered":"\t\t<div data-elementor-type=\"wp-page\" data-elementor-id=\"200\" class=\"elementor elementor-200\">\n\t\t\t\t\t\t\t\t\t<section class=\"elementor-section elementor-top-section elementor-element elementor-element-ae8ad02 elementor-section-boxed elementor-section-height-default elementor-section-height-default\" data-id=\"ae8ad02\" data-element_type=\"section\">\n\t\t\t\t\t\t<div class=\"elementor-container elementor-column-gap-default\">\n\t\t\t\t\t<div class=\"elementor-column elementor-col-50 elementor-top-column elementor-element elementor-element-17ab1a3\" data-id=\"17ab1a3\" data-element_type=\"column\">\n\t\t\t<div class=\"elementor-widget-wrap elementor-element-populated\">\n\t\t\t\t\t\t\t\t<div class=\"elementor-element elementor-element-c90b20c elementor-widget elementor-widget-image\" data-id=\"c90b20c\" data-element_type=\"widget\" data-widget_type=\"image.default\">\n\t\t\t\t<div class=\"elementor-widget-container\">\n\t\t\t\t\t\t\t\t\t\t\t\t\t\t\t\t<a href=\"https:\/\/carismarkus.de\/start\/\">\n\t\t\t\t\t\t\t<img decoding=\"async\" src=\"https:\/\/i0.wp.com\/carismarkus.de\/start\/wp-content\/uploads\/sites\/6\/2020\/04\/Carismarkus-Logo-solo-color-160.png?fit=134%2C80&amp;ssl=1\" title=\"Carismarkus Logo\" alt=\"Carismarkus Logo\" loading=\"lazy\" \/>\t\t\t\t\t\t\t\t<\/a>\n\t\t\t\t\t\t\t\t\t\t\t\t\t\t\t<\/div>\n\t\t\t\t<\/div>\n\t\t\t\t\t<\/div>\n\t\t<\/div>\n\t\t\t\t<div class=\"elementor-column elementor-col-50 elementor-top-column elementor-element elementor-element-ea404e6\" data-id=\"ea404e6\" data-element_type=\"column\">\n\t\t\t<div class=\"elementor-widget-wrap elementor-element-populated\">\n\t\t\t\t\t\t\t\t<div class=\"elementor-element elementor-element-e57ec64 elementor-widget elementor-widget-lastudio-headline\" data-id=\"e57ec64\" data-element_type=\"widget\" data-widget_type=\"lastudio-headline.default\">\n\t\t\t\t<div class=\"elementor-widget-container\">\n\t\t\t<h2 class=\"lastudio-headline lastudio-headline--direction-horizontal\"><span class=\"lastudio-headline__part lastudio-headline__first\"><span class=\"lastudio-headline__deco lastudio-headline__deco-icon\"><i class=\"fa fa-arrow-circle-right\"><\/i><\/span><span class=\"lastudio-headline__label\">\u00dcber :<\/span><\/span><span class=\"lastudio-headline__space\">&nbsp;<\/span><span class=\"lastudio-headline__part lastudio-headline__second\"><span class=\"lastudio-headline__label\">: Carismarkus<\/span><\/span><\/h2>\t\t<\/div>\n\t\t\t\t<\/div>\n\t\t\t\t\t<\/div>\n\t\t<\/div>\n\t\t\t\t\t\t\t<\/div>\n\t\t<\/section>\n\t\t\t\t<section class=\"elementor-section elementor-top-section elementor-element elementor-element-8636bbe elementor-section-boxed elementor-section-height-default elementor-section-height-default\" data-id=\"8636bbe\" data-element_type=\"section\">\n\t\t\t\t\t\t<div class=\"elementor-container elementor-column-gap-default\">\n\t\t\t\t\t<div class=\"elementor-column elementor-col-100 elementor-top-column elementor-element elementor-element-42809fa\" data-id=\"42809fa\" data-element_type=\"column\">\n\t\t\t<div class=\"elementor-widget-wrap elementor-element-populated\">\n\t\t\t\t\t\t\t\t<section class=\"elementor-section elementor-inner-section elementor-element elementor-element-42153b2 elementor-section-boxed elementor-section-height-default elementor-section-height-default\" data-id=\"42153b2\" data-element_type=\"section\">\n\t\t\t\t\t\t<div class=\"elementor-container elementor-column-gap-default\">\n\t\t\t\t\t<div class=\"elementor-column elementor-col-50 elementor-inner-column elementor-element elementor-element-81ed0ff\" data-id=\"81ed0ff\" data-element_type=\"column\">\n\t\t\t<div class=\"elementor-widget-wrap elementor-element-populated\">\n\t\t\t\t\t\t\t\t<div class=\"elementor-element elementor-element-d12f235 elementor-widget elementor-widget-image\" data-id=\"d12f235\" data-element_type=\"widget\" data-widget_type=\"image.default\">\n\t\t\t\t<div class=\"elementor-widget-container\">\n\t\t\t\t\t\t\t\t\t\t\t\t\t\t\t<img decoding=\"async\" src=\"https:\/\/i0.wp.com\/carismarkus.de\/start\/wp-content\/uploads\/sites\/6\/2020\/06\/IMGP8850.webp?fit=300%2C400&amp;ssl=1\" title=\"IMGP8850\" alt=\"IMGP8850\" loading=\"lazy\" \/>\t\t\t\t\t\t\t\t\t\t\t\t\t\t\t<\/div>\n\t\t\t\t<\/div>\n\t\t\t\t\t<\/div>\n\t\t<\/div>\n\t\t\t\t<div class=\"elementor-column elementor-col-50 elementor-inner-column elementor-element elementor-element-473cc53\" data-id=\"473cc53\" data-element_type=\"column\">\n\t\t\t<div class=\"elementor-widget-wrap elementor-element-populated\">\n\t\t\t\t\t\t\t\t<div class=\"elementor-element elementor-element-b8db4a0 elementor-widget elementor-widget-text-editor\" data-id=\"b8db4a0\" data-element_type=\"widget\" data-widget_type=\"text-editor.default\">\n\t\t\t\t<div class=\"elementor-widget-container\">\n\t\t\t\t\t\t\t<div><p>Markus, das ist mein richtiger Name, aber als &#8222;Carismarkus&#8220; bezeichne ich mich, wenn es um Fotografie geht. Hierin habe ich inzwischen mehrere Jahre Erfahrung. Dies findet alles in meiner Freizeit statt, d.h. ich bin nicht hauptberuflich Fotograf. Somit bin ich auch nicht auf Auftr\u00e4ge angewiesen, was mir die k\u00fcnstlerische Freiheit gibt, das zu fotografieren, was mir gef\u00e4llt und nicht wie es ein Auftraggeber m\u00f6chte.<\/p><p>Noch eine Fotografen-Seite im Internet, s\u00fc\u00df. Stimmt, aber es ist meine und das macht es f\u00fcr mich besonders! Wieso also das Ganze? Weil ich gerne fotografiere. Und weil ich selbst gerne gelungene Fotos betrachte. Weil ich mich gerne inspirieren lasse. Und hoffe, dass auch andere sich von meinen Fotos inspirieren lassen. Oder wenigstens die eine oder andere sch\u00f6ne Idee finden. Ganz einfach.<\/p><p>Ganz einfach? Nein, nicht ganz. Zwischen Knipsen und Fotografieren liegen ein paar Welten. Oder zumindest Meilensteine. Dies hat nicht unbedingt mit der Ausr\u00fcstung zu tun. Man kann auch mit dem Handy fotografieren und mit der Spiegelreflexkamera knipsen. Allerdings muss man das Erste k\u00f6nnen. Das ist der feine Unterschied. Und \u201eKunst\u201c kommt ja bekanntlich von \u201eK\u00f6nnen\u201c und nicht von \u201eWollen\u201c, sonst hiese es ja \u201eWunst\u201c.<\/p><p>Darum sind wir auch schon beim \u201eWarum?\u201c. Warum fotografierst Du? Weil ich zu bl\u00f6d zum Musizieren bin (Klatschen geht gerade noch). Weil ich zum Theater keinen Bezug habe. Weil Malen nicht meines ist. Weil ich in der Fotografie eine M\u00f6glichkeit gefunden habe, meine Kreativit\u00e4t zu entwickeln. Und da stehe ich immer noch ganz am Anfang \u2013 und das ist gut so! Warum? Weil ich wei\u00df, dass es noch ein langer Weg ist. Und der Weg ist ja bekanntlich das Ziel. Es ist sch\u00f6n, ein Ziel zu haben. Vor allem auch im Sucher der Kamera.<\/p><p>Euer Markus<\/p><\/div>\t\t\t\t\t\t<\/div>\n\t\t\t\t<\/div>\n\t\t\t\t\t<\/div>\n\t\t<\/div>\n\t\t\t\t\t\t\t<\/div>\n\t\t<\/section>\n\t\t\t\t\t<\/div>\n\t\t<\/div>\n\t\t\t\t\t\t\t<\/div>\n\t\t<\/section>\n\t\t\t\t<section class=\"elementor-section elementor-top-section elementor-element elementor-element-454d12c elementor-section-boxed elementor-section-height-default elementor-section-height-default\" data-id=\"454d12c\" data-element_type=\"section\">\n\t\t\t\t\t\t<div class=\"elementor-container elementor-column-gap-default\">\n\t\t\t\t\t<div class=\"elementor-column elementor-col-100 elementor-top-column elementor-element elementor-element-a7c4d84\" data-id=\"a7c4d84\" data-element_type=\"column\">\n\t\t\t<div class=\"elementor-widget-wrap elementor-element-populated\">\n\t\t\t\t\t\t\t\t<div class=\"elementor-element elementor-element-2f4818d elementor-widget elementor-widget-lastudio-timeline\" data-id=\"2f4818d\" data-element_type=\"widget\" data-widget_type=\"lastudio-timeline.default\">\n\t\t\t\t<div class=\"elementor-widget-container\">\n\t\t\t<div class=\"elementor-lastudio-timeline lastudio-elements\"><div class=\"lastudio-timeline lastudio-timeline--align-center lastudio-timeline--align-middle\">\n\t<div class=\"lastudio-timeline__line\"><div class=\"lastudio-timeline__line-progress\"><\/div><\/div>\n\t<div class=\"lastudio-timeline-list\"><div class=\"lastudio-timeline-item  elementor-repeater-item-e2e7010\">\n\t<div class=\"timeline-item__card\">\n\t\t<div class=\"timeline-item__card-inner\">\n\t\t\t\t\t\t\t\t<div class=\"timeline-item__card-content\">\n\t\t\t\t\t<div class=\"timeline-item__meta\"><div class=\"timeline-item__meta-content\">1980er bis Mitte der 1990er<\/div><\/div><h5 class=\"timeline-item__card-title\">Als Kind<\/h5><div class=\"timeline-item__card-desc\">durfte ich mit Papas Fotoapparat knipsen. Das klappte sogar verh\u00e4ltnism\u00e4ssig gut, da ich schon immer technikaffin war. Sp\u00e4ter gab es dann eine eigene Yashica Kompaktkamera mit Vollautomatik. F\u00fcr Urlaubsfotos - auf Papier nat\u00fcrlich - hat dies komischerweise damals v\u00f6llig gen\u00fcgt.<\/div>\t\t\t\t<\/div>\n\t\t<\/div>\n\t\t<div class=\"timeline-item__card-arrow\"><\/div>\n\t<\/div>\n\t<div class=\"timeline-item__point\"><div class=\"timeline-item__point-content timeline-item__point-content--icon\"><i class=\"fa fa-camera-retro\"><\/i><\/div><\/div><div class=\"timeline-item__meta\"><div class=\"timeline-item__meta-content\">1980er bis Mitte der 1990er<\/div><\/div><\/div><div class=\"lastudio-timeline-item  elementor-repeater-item-0bca377\">\n\t<div class=\"timeline-item__card\">\n\t\t<div class=\"timeline-item__card-inner\">\n\t\t\t\t\t\t\t\t<div class=\"timeline-item__card-content\">\n\t\t\t\t\t<div class=\"timeline-item__meta\"><div class=\"timeline-item__meta-content\">2001<\/div><\/div><h5 class=\"timeline-item__card-title\">Digital<\/h5><div class=\"timeline-item__card-desc\">Die Kodak DC4800 war meine erste digitale Kamera. Zoom, Weissabgleich und vor allem 28 mm Brennweite am kurzen Ende! Meine Liebe zu weiten Aufnahmen hat hier ihren Anfang gehabt.<br><br>Es folgten \u00fcber die Jahre eine Samsung Samsung Digimax Pro815 sowie eine Canon Powershot SX260HS.<\/div>\t\t\t\t<\/div>\n\t\t<\/div>\n\t\t<div class=\"timeline-item__card-arrow\"><\/div>\n\t<\/div>\n\t<div class=\"timeline-item__point\"><div class=\"timeline-item__point-content timeline-item__point-content--icon\"><i class=\"fa fa-calendar\"><\/i><\/div><\/div><div class=\"timeline-item__meta\"><div class=\"timeline-item__meta-content\">2001<\/div><\/div><\/div><div class=\"lastudio-timeline-item  elementor-repeater-item-ae8be57\">\n\t<div class=\"timeline-item__card\">\n\t\t<div class=\"timeline-item__card-inner\">\n\t\t\t\t\t\t\t\t<div class=\"timeline-item__card-content\">\n\t\t\t\t\t<div class=\"timeline-item__meta\"><div class=\"timeline-item__meta-content\">April 2013<\/div><\/div><h5 class=\"timeline-item__card-title\">DSLR - Der Einstieg in die Fotografie<\/h5><div class=\"timeline-item__card-desc\">Bis hierher war Fotografie eigentlich immer nur Knipsen. Wirklich spannend wurde es, als ich mir meine erste digitale Spiegelreflex-Kamera (DSLR) gebraucht kaufte: Eine Canon EOS 450D inkl. 18-55 und 70-300 mm Objektiven. Die Kamera sollte sp\u00e4ter durch eine 60D ersetzt werden, mit der ich lange unterwegs war. An ihr habe ich zum ersten Mal richtig gemerkt, was es heisst, wenn die Kamera der limitierende Faktor ist und nicht mehr der Fotograf. Die 5DII war nur kurz parallel im Einsatz, da sie schon im ISO-Bereich ab 400 keine Leistungsreserven hatte und somit kein Fortschritt war.<\/div>\t\t\t\t<\/div>\n\t\t<\/div>\n\t\t<div class=\"timeline-item__card-arrow\"><\/div>\n\t<\/div>\n\t<div class=\"timeline-item__point\"><div class=\"timeline-item__point-content timeline-item__point-content--icon\"><i class=\"fa fa-calendar\"><\/i><\/div><\/div><div class=\"timeline-item__meta\"><div class=\"timeline-item__meta-content\">April 2013<\/div><\/div><\/div><div class=\"lastudio-timeline-item  elementor-repeater-item-65a7182\">\n\t<div class=\"timeline-item__card\">\n\t\t<div class=\"timeline-item__card-inner\">\n\t\t\t\t\t\t\t\t<div class=\"timeline-item__card-content\">\n\t\t\t\t\t<div class=\"timeline-item__meta\"><div class=\"timeline-item__meta-content\">Mai 2016<\/div><\/div><h5 class=\"timeline-item__card-title\">Vollformat und die Pentax K-1<\/h5><div class=\"timeline-item__card-desc\">Entt\u00e4uscht durch den technischen R\u00fcckstand und die Systemschw\u00e4chen, die Canon immer mehr zeigte, habe ich den geplanten Wechsel auf Vollformat gleich genutzt, um auch die Marke zu wechseln. Pentax hat zu diesem Zeitpunkt mit der K-1 ein neues Flagschiff herausgebracht, das in vielen f\u00fcr mich relevanten Punkten wie geschaffen war. Stabilisierung im Geh\u00e4use (IBIS), schwenkbares Display an Titanstreben, ein Dynamikumfang von 14,6 Blendenstufen, Astrotracer mit GPS und die Robustheit eines Panzers sind auch Jahre sp\u00e4ter noch keine Selbstverst\u00e4ndlichkeit im Vollformat, schon gar nicht bei Canon.<\/div>\t\t\t\t<\/div>\n\t\t<\/div>\n\t\t<div class=\"timeline-item__card-arrow\"><\/div>\n\t<\/div>\n\t<div class=\"timeline-item__point\"><div class=\"timeline-item__point-content timeline-item__point-content--icon\"><i class=\"fa fa-camera\"><\/i><\/div><\/div><div class=\"timeline-item__meta\"><div class=\"timeline-item__meta-content\">Mai 2016<\/div><\/div><\/div><div class=\"lastudio-timeline-item  elementor-repeater-item-2091e9b\">\n\t<div class=\"timeline-item__card\">\n\t\t<div class=\"timeline-item__card-inner\">\n\t\t\t\t\t\t\t\t<div class=\"timeline-item__card-content\">\n\t\t\t\t\t<div class=\"timeline-item__meta\"><div class=\"timeline-item__meta-content\">2016<\/div><\/div><h5 class=\"timeline-item__card-title\">In der \u00d6ffentlichkeit<\/h5><div class=\"timeline-item__card-desc\">Erste Ausstellung: \u201eRituale\u201c von Katharina Doll, Co-Ausstellung des Lost Places \u201eZiegelwerk\u201c\n\u201eKirchzARTener FOTOsalon\u201e, Platz 9 von 49 in der Jury-Wertung<\/div>\t\t\t\t<\/div>\n\t\t<\/div>\n\t\t<div class=\"timeline-item__card-arrow\"><\/div>\n\t<\/div>\n\t<div class=\"timeline-item__point\"><div class=\"timeline-item__point-content timeline-item__point-content--icon\"><i class=\"fa fa-calendar\"><\/i><\/div><\/div><div class=\"timeline-item__meta\"><div class=\"timeline-item__meta-content\">2016<\/div><\/div><\/div><div class=\"lastudio-timeline-item  elementor-repeater-item-ff268ee\">\n\t<div class=\"timeline-item__card\">\n\t\t<div class=\"timeline-item__card-inner\">\n\t\t\t\t\t\t\t\t<div class=\"timeline-item__card-content\">\n\t\t\t\t\t<div class=\"timeline-item__meta\"><div class=\"timeline-item__meta-content\">2017<\/div><\/div><h5 class=\"timeline-item__card-title\">Erfolge 2017<\/h5><div class=\"timeline-item__card-desc\">\u201eVerlassen!\u201c, eigene Ausstellung im KiK Offenburg, 11.11.2017 \u2013 05.01.2018<br>\nVize-Bezirksmeister DVF, Bezirk Schw\u00e4bische-Alb<br>\nDVF Leistungsmedallie f\u00fcr das Foto \u201eSalle de Bains\u201c<br>\nSonderpreis bei der DVF Bezirksmeisterschaft f\u00fcr das Foto \u201eHei\u00dfes Billiardspiel\u201c<br>\n1. Platz Bezirksmeisterschaft in der Clubwertung f\u00fcr den Photoworks Freudenstadt e.V.<br>\nGoogle Inc. erwirbt mein Foto vom Museum of Modern and Contemporary Art f\u00fcr die Verwendung in Google Trips<\/div>\t\t\t\t<\/div>\n\t\t<\/div>\n\t\t<div class=\"timeline-item__card-arrow\"><\/div>\n\t<\/div>\n\t<div class=\"timeline-item__point\"><div class=\"timeline-item__point-content timeline-item__point-content--icon\"><i class=\"fa fa-calendar\"><\/i><\/div><\/div><div class=\"timeline-item__meta\"><div class=\"timeline-item__meta-content\">2017<\/div><\/div><\/div><div class=\"lastudio-timeline-item  elementor-repeater-item-284dd62\">\n\t<div class=\"timeline-item__card\">\n\t\t<div class=\"timeline-item__card-inner\">\n\t\t\t\t\t\t\t\t<div class=\"timeline-item__card-content\">\n\t\t\t\t\t<div class=\"timeline-item__meta\"><div class=\"timeline-item__meta-content\">2018<\/div><\/div><h5 class=\"timeline-item__card-title\">Erfolge 2018<\/h5><div class=\"timeline-item__card-desc\">\u201e8e Rendez-Vouz Image (RDVI)\u201e, Strasbourg, Frankreich. Art Director: Paolo Woods. Gr\u00f6\u00dfte Fotoausstellung in Ost-Frankreich<br>\n\u201eVerlassen\u201c wird in Offenburgs gr\u00f6\u00dftem Tattoo-Studio \u201ePain Department\u201c ausgestellt.<br>\nFoto-Feature beim New Yorker \u201ePhotographize Magazin\u201c (alleine auf Facebook >1,6 Mio Fans)<\/div>\t\t\t\t<\/div>\n\t\t<\/div>\n\t\t<div class=\"timeline-item__card-arrow\"><\/div>\n\t<\/div>\n\t<div class=\"timeline-item__point\"><div class=\"timeline-item__point-content timeline-item__point-content--icon\"><i class=\"fa fa-calendar\"><\/i><\/div><\/div><div class=\"timeline-item__meta\"><div class=\"timeline-item__meta-content\">2018<\/div><\/div><\/div><div class=\"lastudio-timeline-item  elementor-repeater-item-9ec3b51\">\n\t<div class=\"timeline-item__card\">\n\t\t<div class=\"timeline-item__card-inner\">\n\t\t\t\t\t\t\t\t<div class=\"timeline-item__card-content\">\n\t\t\t\t\t<div class=\"timeline-item__meta\"><div class=\"timeline-item__meta-content\">2019<\/div><\/div><h5 class=\"timeline-item__card-title\">Erfolge 2019<\/h5><div class=\"timeline-item__card-desc\">FAPA Fine Art Photography Awards: 2x Nominee.<br>\nDeutsche Meisterschaft (DVF) \u2013 Annahme von \u201eZurich Eye\u201c in der Kategorie \u201eArchitektur\u201c<br>\nSonderpreis der Jury bei der DVF Bezirksmeisterschaft f\u00fcr \u201eWaiting forever\u201c. Das Foto wird von der lokalen Presse auch als Headliner f\u00fcr den Bericht verwendet.<br><\/div>\t\t\t\t<\/div>\n\t\t<\/div>\n\t\t<div class=\"timeline-item__card-arrow\"><\/div>\n\t<\/div>\n\t<div class=\"timeline-item__point\"><div class=\"timeline-item__point-content timeline-item__point-content--icon\"><i class=\"fa fa-calendar\"><\/i><\/div><\/div><div class=\"timeline-item__meta\"><div class=\"timeline-item__meta-content\">2019<\/div><\/div><\/div><div class=\"lastudio-timeline-item  elementor-repeater-item-e6dfe5b\">\n\t<div class=\"timeline-item__card\">\n\t\t<div class=\"timeline-item__card-inner\">\n\t\t\t\t\t\t\t\t<div class=\"timeline-item__card-content\">\n\t\t\t\t\t<div class=\"timeline-item__meta\"><div class=\"timeline-item__meta-content\">2019<\/div><\/div><h5 class=\"timeline-item__card-title\">Umbr\u00fcche<\/h5><div class=\"timeline-item__card-desc\">Das Jahr 2019 war auch voller Umbr\u00fcche f\u00fcr mich. Anfang Februar hatte ich spontan die Zusage f\u00fcr die Teilnahme an der Rallye Tuareg in Algerien als Fotograf erhalten - mein bisher umfangreichstes (und teuerstes) Fotoprojekt. Da f\u00fcr das Wochenende nach der R\u00fcckkehr bereits Berlin und im August auch schon Moskau geplant sind, war klar, dass in diesem Jahr einiges anders laufen wird. Dass ich beruflich auch noch die Zusage f\u00fcr eine Stelle in der Schweiz erhalte und auch dies innerhalb von 4 Wochen umgesetzt wird, schmeisst jeglichen Plan durcheinander, aber langfristig zum Guten.<\/div>\t\t\t\t<\/div>\n\t\t<\/div>\n\t\t<div class=\"timeline-item__card-arrow\"><\/div>\n\t<\/div>\n\t<div class=\"timeline-item__point\"><div class=\"timeline-item__point-content timeline-item__point-content--icon\"><i class=\"fa fa-calendar\"><\/i><\/div><\/div><div class=\"timeline-item__meta\"><div class=\"timeline-item__meta-content\">2019<\/div><\/div><\/div><div class=\"lastudio-timeline-item  elementor-repeater-item-f991afe\">\n\t<div class=\"timeline-item__card\">\n\t\t<div class=\"timeline-item__card-inner\">\n\t\t\t\t\t\t\t\t<div class=\"timeline-item__card-content\">\n\t\t\t\t\t<div class=\"timeline-item__meta\"><div class=\"timeline-item__meta-content\">2020<\/div><\/div><h5 class=\"timeline-item__card-title\">Erfolge 2020<\/h5><div class=\"timeline-item__card-desc\">\"9e Rendez-Vouz Image (RDVI)\", Strasbourg, Frankreich. Art Director: Veronique de Viguerie. Gr\u00f6\u00dfte Fotoausstellung in Ost-Frankreich<br>\n5 Annahmen in zwei Kategorien und damit 19ter Platz beim German International Photocup mit 1\u2019200 Einsendern und 15\u2019000 Bildern<br><\/div>\t\t\t\t<\/div>\n\t\t<\/div>\n\t\t<div class=\"timeline-item__card-arrow\"><\/div>\n\t<\/div>\n\t<div class=\"timeline-item__point\"><div class=\"timeline-item__point-content timeline-item__point-content--icon\"><i class=\"fa fa-calendar\"><\/i><\/div><\/div><div class=\"timeline-item__meta\"><div class=\"timeline-item__meta-content\">2020<\/div><\/div><\/div><\/div><\/div><\/div>\t\t<\/div>\n\t\t\t\t<\/div>\n\t\t\t\t\t<\/div>\n\t\t<\/div>\n\t\t\t\t\t\t\t<\/div>\n\t\t<\/section>\n\t\t\t\t<section class=\"elementor-section elementor-top-section elementor-element elementor-element-5db1514 elementor-section-boxed elementor-section-height-default elementor-section-height-default\" data-id=\"5db1514\" data-element_type=\"section\">\n\t\t\t\t\t\t<div class=\"elementor-container elementor-column-gap-default\">\n\t\t\t\t\t<div class=\"elementor-column elementor-col-100 elementor-top-column elementor-element elementor-element-4d5b0e4\" data-id=\"4d5b0e4\" data-element_type=\"column\">\n\t\t\t<div class=\"elementor-widget-wrap elementor-element-populated\">\n\t\t\t\t\t\t\t\t<div class=\"elementor-element elementor-element-b8124e0 elementor-widget elementor-widget-text-editor\" data-id=\"b8124e0\" data-element_type=\"widget\" data-widget_type=\"text-editor.default\">\n\t\t\t\t<div class=\"elementor-widget-container\">\n\t\t\t\t\t\t\t<p><strong>Mitgliedschaften und Links<br \/><\/strong><\/p><p><a href=\"https:\/\/www.dvf-fotografie.de\/\">Deutscher Verband f\u00fcr Fotografie (DVF) e.V.<\/a> Direktmitglied<\/p><p>Mich findet man auch auf folgenden Seiten im Web:<\/p><p><a href=\"https:\/\/www.facebook.com\/carismarkus\" target=\"_blank\" rel=\"noopener noreferrer\"><img decoding=\"async\" src=\"https:\/\/i0.wp.com\/carismarkus.de\/wp-content\/uploads\/2015\/07\/FB-f-Logo__blue_57.png?resize=57%2C57&#038;ssl=1\" alt=\"Facebook\" width=\"57\" height=\"57\" data-recalc-dims=\"1\" \/><\/a>\u00a0\u00a0\u00a0<a href=\"https:\/\/www.flickr.com\/photos\/101135551@N07\/\" target=\"_blank\" rel=\"noopener noreferrer\"><img decoding=\"async\" src=\"https:\/\/i0.wp.com\/carismarkus.de\/wp-content\/uploads\/2015\/07\/flickr.png?resize=57%2C57&#038;ssl=1\" alt=\"flickr\" width=\"57\" height=\"57\" data-recalc-dims=\"1\" \/><\/a>\u00a0\u00a0\u00a0<a href=\"https:\/\/www.model-kartei.de\/sedcards\/fotograf\/460758\/carismarkus\/\" target=\"_blank\" rel=\"noopener noreferrer\"><img decoding=\"async\" src=\"https:\/\/i0.wp.com\/carismarkus.de\/wp-content\/uploads\/2015\/07\/model-kartei.png?resize=57%2C57&#038;ssl=1\" alt=\"model-kartei\" width=\"57\" height=\"57\" data-recalc-dims=\"1\" \/><\/a>\u00a0\u00a0 <a title=\"Markus Kammerer bei dasauge\" href=\"https:\/\/dasauge.ch\/-carismarkus\/\" target=\"_top\" rel=\"me noopener noreferrer\"><img loading=\"lazy\" decoding=\"async\" src=\"https:\/\/i0.wp.com\/cdn.dasauge.net\/prolinks\/dasauge_de_3d_profil.png?resize=85%2C23&#038;ssl=1\" alt=\"Markus Kammerer\" width=\"85\" height=\"23\" data-recalc-dims=\"1\" \/><\/a><\/p><p>Bei der Errichtung der folgenden Webseiten habe ich gerne mitgeholfen:<\/p><p><a href=\"http:\/\/www.olds1.de\" target=\"_blank\" rel=\"noopener noreferrer\">Olds1.de \u2013 American Way of Drive<\/a><br \/><a href=\"http:\/\/www.reiterverein-offenburg.de\/\" target=\"_blank\" rel=\"noopener noreferrer\">Reiterverein Offenburg e.V.<\/a><\/p><p>Befreundet:<br \/><a href=\"http:\/\/www.jjmpictures.de\">JJM Pictures<\/a><\/p>\t\t\t\t\t\t<\/div>\n\t\t\t\t<\/div>\n\t\t\t\t\t<\/div>\n\t\t<\/div>\n\t\t\t\t\t\t\t<\/div>\n\t\t<\/section>\n\t\t\t\t\t\t\t<\/div>\n\t\t","protected":false},"excerpt":{"rendered":"<p>\u00dcber :&nbsp;: Carismarkus Markus, das ist mein richtiger Name, aber als &#8222;Carismarkus&#8220; bezeichne ich mich, wenn es um Fotografie geht. Hierin habe ich inzwischen mehrere&hellip;<\/p>\n","protected":false},"author":1,"featured_media":0,"parent":0,"menu_order":0,"comment_status":"closed","ping_status":"closed","template":"","meta":{"footnotes":""},"jetpack_sharing_enabled":true,"amp_enabled":true,"_links":{"self":[{"href":"https:\/\/carismarkus.de\/start\/wp-json\/wp\/v2\/pages\/200"}],"collection":[{"href":"https:\/\/carismarkus.de\/start\/wp-json\/wp\/v2\/pages"}],"about":[{"href":"https:\/\/carismarkus.de\/start\/wp-json\/wp\/v2\/types\/page"}],"author":[{"embeddable":true,"href":"https:\/\/carismarkus.de\/start\/wp-json\/wp\/v2\/users\/1"}],"replies":[{"embeddable":true,"href":"https:\/\/carismarkus.de\/start\/wp-json\/wp\/v2\/comments?post=200"}],"version-history":[{"count":51,"href":"https:\/\/carismarkus.de\/start\/wp-json\/wp\/v2\/pages\/200\/revisions"}],"predecessor-version":[{"id":498,"href":"https:\/\/carismarkus.de\/start\/wp-json\/wp\/v2\/pages\/200\/revisions\/498"}],"wp:attachment":[{"href":"https:\/\/carismarkus.de\/start\/wp-json\/wp\/v2\/media?parent=200"}],"curies":[{"name":"wp","href":"https:\/\/api.w.org\/{rel}","templated":true}]}}